alculate the highest common factor of 99 and 861762.
33
What is the greatest common divisor of 5220 and 13860?
180
Calculate the highest common factor of 16612465 and 1985.
1985
Calculate the highest common divisor of 214 and 355882.
214
What is the highest common factor of 55 and 2912305?
55
Calculate the highest common factor of 60 and 283260.
60
What is the greatest common factor of 192723 and 9339?
849
What is the greatest common divisor of 33 and 85470?
33
What is the highest common divisor of 139446 and 88938?
1098
Calculate the highest common divisor of 151403 and 11137.
301
What is the highest common factor of 10104 and 3468?
12
What is the greatest common divisor of 624 and 923?
13
What is the greatest common divisor of 8507 and 3258?
181
What is the greatest common divisor of 5428357 and 76?
19
Calculate the greatest common factor of 864 and 22788.
108
What is the greatest common factor of 52650 and 66?
6
Calculate the greatest common divisor of 72 and 9900.
36
Calculate the greatest common divisor of 16131 and 13623.
57
What is the greatest common divisor of 1311 and 22838?
19
What is the greatest common divisor of 318 and 22684?
106
What is the highest common factor of 1984 and 3596?
124
What is the greatest common divisor of 70 and 55?
5
What is the highest common divisor of 1181 and 24?
1
Calculate the highest common divisor of 3253 and 32.
1
Calculate the highest common divisor of 57 and 133380.
57
Calculate the greatest common divisor of 26274 and 1208.
302
What is the greatest common factor of 237451 and 202?
101
What is the greatest common factor of 160 and 47968?
32
What is the greatest common divisor of 777232 and 1488?
496
Calculate the highest common factor of 44275 and 35075.
575
Calculate the highest common divisor of 3366 and 114048.
198
Calculate the greatest common divisor of 136729 and 584.
73
What is the highest common factor of 248 and 4247?
31
What is the greatest common divisor of 2398 and 20056?
218
Calculate the highest common factor of 49 and 2463181.
49
Calculate the highest common factor of 66503 and 584.
73
Calculate the highest common divisor of 21502 and 13.
13
What is the highest common factor of 216 and 244593?
27
Calculate the greatest common factor of 2206 and 30.
2
What is the highest common factor of 1130 and 82377?
113
Calculate the highest common factor of 9380 and 5561.
67
Calculate the highest common factor of 1078 and 130046.
98
What is the greatest common divisor of 10920 and 1848?
168
What is the greatest common factor of 64 and 668?
4
Calculate the greatest common divisor of 3585 and 73851.
717
Calculate the highest common divisor of 13166 and 16344.
454
What is the highest common divisor of 81840 and 50220?
1860
What is the greatest common divisor of 243 and 9690354?
243
What is the greatest common factor of 42568 and 9656?
136
What is the greatest common divisor of 19028 and 10452?
268
What is the greatest common factor of 4402644 and 362?
362
Calculate the highest common factor of 42 and 194278.
14
Calculate the highest common divisor of 13935 and 445.
5
Calculate the highest common factor of 185 and 9516215.
185
Calculate the greatest common factor of 278 and 4601873.
139
Calculate the greatest common divisor of 48 and 218088.
24
What is the highest common factor of 41625 and 150?
75
Calculate the highest common factor of 107358 and 58.
58
Calculate the highest common factor of 588 and 2628.
12
Calculate the highest common factor of 523 and 78973.
523
Calculate the greatest common divisor of 127 and 138557.
127
What is the highest common divisor of 9920 and 2320?
80
Calculate the greatest common divisor of 4303 and 35417.
331
Calculate the highest common divisor of 533 and 1118.
13
Calculate the highest common divisor of 58100 and 15.
5
Calculate the highest common divisor of 924612 and 260.
52
What is the highest common divisor of 240 and 35336?
8
What is the highest common divisor of 834414 and 126?
42
Calculate the greatest common divisor of 56936 and 1728.
8
What is the greatest common divisor of 246 and 55227?
123
What is the greatest common divisor of 2052 and 32794?
38
What is the highest common divisor of 38925 and 315?
45
Calculate the greatest common factor of 189819 and 2331.
63
Calculate the greatest common factor of 1850 and 195730.
370
What is the greatest common factor of 1080 and 617040?
360
What is the highest common factor of 378555 and 30?
15
What is the greatest common factor of 446344 and 8?
8
Calculate the greatest common factor of 6167 and 138317.
881
What is the greatest common divisor of 79344 and 114?
114
What is the greatest common divisor of 87 and 498974?
29
What is the highest common factor of 1825 and 249952?
73
What is the greatest common factor of 1122790 and 20?
10
What is the greatest common factor of 169663 and 1684?
421
What is the highest common divisor of 1936 and 632?
8
Calculate the highest common factor of 31165 and 798095.
1355
Calculate the greatest common factor of 4 and 10020.
4
Calculate the highest common factor of 432 and 72684.
108
What is the highest common factor of 18325 and 1600?
25
Calculate the greatest common factor of 62647 and 427.
61
What is the greatest common factor of 210 and 16338?
42
What is the highest common divisor of 63 and 159?
3
What is the highest common factor of 17 and 428536?
17
What is the greatest common factor of 12 and 19260564?
12
Calculate the highest common factor of 3316 and 163313.
829
What is the greatest common factor of 1071 and 49644?
63
What is the greatest common factor of 18 and 4953222?
18
Calculate the greatest common factor of 19901 and 14.
7
What is the greatest common factor of 2368630 and 2684?
1342
What is the greatest common divisor of 576 and 781824?
192
Calculate the highest common divisor of 17767 and 1417.
109
Calculate the highest common divisor of 68330 and 60.
10
Calculate the greatest common factor of 1848 and 61512.
264
What is the highest common factor of 603655 and 111?
37
Calculate the highest common factor of 1794 and 8.
2
Calculate the highest common divisor of 254606 and 110.
22
Calculate the highest common factor of 959 and 22468.
137
Calculate the highest common divisor of 176911 and 199.
199
What is the greatest common divisor of 7 and 308588?
7
Calculate the highest common factor of 33336 and 936.
72
What is the highest common divisor of 90 and 334290?
30
What is the greatest common factor of 5285172 and 12?
12
Calculate the highest common factor of 208951 and 2007.
223
Calculate the highest common factor of 17206 and 154.
14
Calculate the greatest common divisor of 40740 and 2170.
70
Calculate the highest common divisor of 2448 and 13413.
51
What is the greatest common divisor of 3990 and 3045?
105
Calculate the greatest common divisor of 90 and 164286.
18
Calculate the highest common factor of 810 and 7938.
162
What is the greatest common factor of 106649 and 2?
1
Calculate the greatest common factor of 855 and 75.
15
Calculate the highest common divisor of 240 and 105744.
48
What is the highest common factor of 2128 and 27272?
56
What is the greatest common divisor of 19 and 11419?
19
What is the greatest common divisor of 2878606 and 83?
83
Calculate the highest common factor of 3477 and 4209.
183
Calculate the highest common factor of 74914 and 98.
14
What is the highest common divisor of 90949 and 103?
103
What is the highest common factor of 1329 and 91258?
443
Calculate the greatest common divisor of 152804 and 60.
4
What is the highest common factor of 39763 and 68?
17
Calculate the greatest common factor of 45360 and 17955.
945
What is the greatest common factor of 462 and 85998?
66
What is the highest common divisor of 72 and 55144?
8
Calculate the greatest common divisor of 541492 and 8388.
932
Calculate the highest common factor of 37024 and 8.
8
Calculate the highest common divisor of 217 and 321811.
217
What is the highest common divisor of 874469 and 5965?
1193
Calculate the highest common factor of 7652736 and 192.
192
What is the greatest common factor of 105041 and 575?
23
What is the highest common divisor of 107768 and 4408?
152
Calculate the greatest common factor of 66 and 108042.
66
What is the highest common factor of 2656 and 2075?
83
What 